+ 9. Calculate x(10).
-1
Let n(c) = 3*c**2 - 5*c + 4. What is n(2)?
6
Let d(l) = 2*l**3 + 3*l + 2. Determine d(-2).
-20
Let l(c) = 12*c + 54. Give l(-10).
-66
Let m(a) = -7*a + 6. Calculate m(-8).
62
Let a(y) = y**2 + 2*y + 3. Calculate a(-1).
2
Let y(p) = p**3 + 12*p**2 + 4*p - 14. Give y(-11).
63
Let t(i) = 2*i**2 + 17*i + 6. Calculate t(-8).
-2
Let z(o) = -5*o**2 + 3*o + 10. What is z(-2)?
-16
Let k(v) = 2*v**2 + 4*v - 6. Determine k(-5).
24
Let k(u) = -19*u**3 - u**2 - 3*u - 1. What is k(-1)?
20
Let h(d) = 2*d**2 + 11*d + 15. Give h(-6).
21
Let f(m) = 6*m + 36. Calculate f(-7).
-6
Let v(y) = 21*y + 257. Determine v(-12).
5
Let t(r) = 15*r**2 - 8*r - 18. Give t(-2).
58
Let p(w) = -w**3 - 17*w**2 - 10*w + 33. Give p(-16).
-63
Let i(l) = -l**2 + 9*l + 27. Give i(11).
5
Let z(d) = -d**2 + 10*d + 36. Calculate z(12).
12
Let z(x) = x - 21. What is z(11)?
-10
Let l(d) = -d**3 - 11*d**2 - 2*d - 16. What is l(-11)?
6
Let b(w) = 2*w**2 - 18*w - 76. Calculate b(12).
-4
Let x(b) = -b**2 - 13*b + 19. Calculate x(-14).
5
Let q(h) = -3*h - 1. What is q(2)?
-7
Let s(p) = -7*p**2 - 1. Give s(2).
-29
Let g(r) = 4*r**2 - 4*r - 13. Give g(-2).
11
Let w(k) = -2*k**3 + 12*k**2 - 2. Determine w(6).
-2
Let t(a) = 7*a - 97. Calculate t(7).
-48
Let q(g) = g**2 - 3*g - 285. Give q(-15).
-15
Let i(r) = -2*r**3 - r**2 + r - 151. What is i(0)?
-151
Let z(i) = -i**3 + 6*i**2 - 1. Determine z(6).
-1
Let y(h) = -h**2 + 9*h + 42. What is y(16)?
-70
Let h(d) = -24*d + 1. Give h(2).
-47
Let c(m) = m**2 - 2*m - 26. What is c(7)?
9
Let k(a) = a - 14. Determine k(-8).
-22
Let g(q) = -2*q + 3. Determine g(6).
-9
Let c(f) = -f**2 + 11*f + 3. Give c(8).
27
Let s(p) = -18*p + 213. Determine s(12).
-3
Let u(w) = -w - 23. Calculate u(-13).
-10
Let w(b) = b**2 - 7*b - 7. Calculate w(13).
71
Let k(b) = b**3 + 6*b**2 + b + 13. Give k(-6).
7
Let n(l) = -l**3 - 20*l**2 - l - 18. Give n(-20).
2
Let q(p) = p**2 - 11*p + 16. Give q(11).
16
Let c(j) = -j + 8. Give c(23).
-15
Let n(s) = -22*s + 109. What is n(6)?
-23
Let t(o) = 3*o + 40. Calculate t(-12).
4
Let v(k) = k**3 + 34*k**2 + 38*k + 125. Give v(-33).
-40
Let v(o) = o**3 - 9*o**2 + 14. Give v(9).
14
Let g(b) = -4*b**3 + 2*b**2 - 2*b - 3. Determine g(-1).
5
Let a(u) = 5*u - 129. Give a(25).
-4
Let o(p) = p**2 - 11*p + 2. Calculate o(8).
-22
Let j(b) = -b**3 - b**2 - 3*b - 2. What is j(-2)?
8
Let z(c) = -27*c + 11. What is z(4)?
-97
Let g(u) = u**3 + 10*u**2 - 8*u + 9. Determine g(-11).
-24
Let x(k) = -k**2 + 10*k - 13. What is x(0)?
-13
Let o(c) = c**3 + 3*c**2 - 8*c - 11. Calculate o(-4).
5
Let y(t) = 2*t + 19. What is y(-7)?
5
Let p(k) = -k**3 + 39*k**2 + 35*k + 198. What is p(40)?
-2
Let t(y) = -y**3 + 27*y**2 - 50*y + 6. Give t(25).
6
Let j(s) = 17*s + 10. Determine j(1).
27
Let m(w) = -w**3 - 6*w**2 + 108*w - 61. Give m(-14).
-5
Let t(o) = 2*o**3 + o**2 - 5*o + 1. Calculate t(-3).
-29
Let r(o) = -4*o**2 - 9*o + 1. Give r(-2).
3
Let l(f) = f**3 + 5*f**2 + 6*f + 7. Give l(-5).
-23
Let j(l) = 6*l + 114. Calculate j(-19).
0
Let q(h) = -7*h + 18. Give q(4).
-10
Let u(v) = v**3 - 3*v**2 - 24*v + 66. Determine u(3).
-6
Let t(a) = -a**3 - 11*a**2 - 9*a + 8. Give t(-10).
-2
Let d(g) = g**2 - 21*g - 238. Determine d(-8).
-6
Let r(y) = y**2 + 68*y + 795. Determine r(-15).
0
Let h(n) = -2*n**2 - 25*n - 47. What is h(-10)?
3
Let x(o) = 32*o + 163. Calculate x(-5).
3
Let a(i) = i**2 + 8*i + 1. Calculate a(-7).
-6
Let t(b) = -22*b - 87. Calculate t(-7).
67
Let i(l) = -6*l + 115. Determine i(20).
-5
Let a(u) = 4*u**3 + u + 1. Determine a(-1).
-4
Let z(u) = 14*u + 42. Determine z(-4).
-14
Let t(h) = h**3 - 11*h**2 - h + 15. Calculate t(11).
4
Let k(t) = 3*t + 2. What is k(-3)?
-7
Let w(i) = -12*i - 211. What is w(-17)?
-7
Let l(z) = -136*z**3 + 2*z**2 + z. What is l(-1)?
137
Let r(f) = f**3 + 8*f**2 + 13*f + 1. Calculate r(-6).
-5
Let s(v) = v**3 + 7*v**2 - 9*v - 10. Give s(-8).
-2
Let a(y) = -7*y - 141. Give a(-19).
-8
Let s(w) = 6*w - 87. Calculate s(17).
15
Let j(n) = -n**3 - 44*n**2 - 195*n - 5. What is j(-39)?
-5
Let i(d) = d**2 + 8*d - 1. Determine i(-8).
-1
Let p(s) = 5*s**3 - 2*s + 4. Calculate p(-2).
-32
Let o(y) = -5*y - 22. Determine o(-7).
13
Let s(v) = v + 36. Calculate s(0).
36
Let x(v) = -16*v - 84. Calculate x(-6).
12
Let r(s) = -s**2 - 4*s + 5. Calculate r(-4).
5
Let s(d) = 4*d + 23. What is s(-6)?
-1
Let v(k) = k**3 - 3*k**2 + 4*k - 4. Give v(2).
0
Let l(a) = -7*a - 26. Give l(-19).
107
Let w(b) = b**3 - 10*b**2 - b - 9. Give w(10).
-19
Let o(r) = r**3 - 7*r**2 + 7*r + 2. Give o(5).
-13
Let j(u) = 2*u + 3. Determine j(-14).
-25
Let c(p) = -p**3 - 4*p**2 - 5*p - 7. Determine c(-3).
-1
Let y(q) = -q**2 + 8*q - 22. Determine y(5).
-7
Let y(p) = p**2 + p - 1. What is y(1)?
1
Let z(g) = g**2 - 6*g + 9. Give z(5).
4
Let n(a) = -a**3 + a**2 + 10*a + 2. Determine n(-4).
42
Let z(u) = -u**3 - u**2 + 2*u + 21. Determine z(0).
21
Let j(r) = 2*r**2 - 20*r + 13. Give j(6).
-35
Let i(r) = 14*r + 2. Give i(1).
16
Let j(i) = 4*i + 5. Calculate j(-5).
-15
Let x(i) = i**3 + 6*i**2 - 2*i - 6. Give x(-6).
6
Let g(b) = b**2 - 2. Determine g(-4).
14
Let t(x) = -2*x**3 + 21*x**2 + x + 55. Calculate t(11).
-55
Let x(p) = -5*p + 72. Give x(15).
-3
Let m(d) = 149*d**3 - d**2 - 4*d - 2. What is m(-1)?
-148
Let g(b) = -17*b + 6. Calculate g(3).
-45
Let v(h) = h**3 - 31*h**2 - 66*h + 26. Give v(33).
26
Let q(i) = -i**3 + 17*i**2 - 13*i - 8. Calculate q(16).
40
Let j(s) = 3*s - 14. What is j(10)?
16
Let i(s) = s + 20. Give i(-6).
14
Let r(a) = 2*a + 36. Determine r(-22).
-8
Let m(h) = -h**2 + 4*h + 3. Give m(-2).
-9
Let m(t) = 13*t + 212. Calculate m(-16).
4
Let l(i) = i**3 - 12*i**2 + 11*i + 6. Give l(11).
6
Let k(q) = 10*q + 1. Determine k(2).
21
Let h(t) = -2*t - 9. Determine h(-6).
3
Let x(g) = g**2 - 3*g + 8. Give x(5).
18
Let h(y) = -3*y + 22. Give h(6).
4
Let o(x) = -4*x**2 - 37*x - 13. Calculate o(-9).
-4
Let j(k) = -3*k - 1. Calculate j(-4).
11
Let k(m) = -m**2 + 15*m + 188. Give k(23).
4
Let y(r) = -r**3 - 9*r**2 + 10*r - 23. Determine y(-10).
-23
Let g(r) = -57*r**3 + 2*r**2 - 1. Give g(-1).
58
Let n(i) = -i**2 - 22*i - 75. Determine n(-18).
-3
Let u(w) = -8*w - 84. What is u(-5)?
-44
Let a(n) = -n**3 + 9*n**2 - 11*n + 5. Determine a(5).
50
Let y(w) = w**3 - w**2 - 6*w - 21. What is y(-4)?
-77
Let h(r) = -7*r - 12. What is h(6)?
-54
Let i(j) = -3*j - 29. What is i(0)?
-29
Let t(l) = 3*l**3 - l**2 - 14*l - 7. What is t(-3)?
-55
Let q(m) = -79*m**2 - 2*m. Give q(1).
-81
Let q(g) = -51*g + 31. Calculate q(1).
-20
Let h(n) = 7*n + 13. Determine h(-2).
-1
Let k(g) = -g**2 - 88*g - 1090. Calculate k(-15).
5
Let u(c) = -c**2 - 3*c - 9. What is u(-4)?
-13
Let r(o) = 16*o - 33. What is r(3)?
15
Let u(c) = c**3 - 10*c**2 - 15*c + 6. Give u(11).
-38
Let l(m) = 13*m - 6. Calculate l(3).
33
Let x(d) = d - 15. Determine x(15).
0
Let y(l) = -l**3 + 54*l**2 + 55*l - 2. Calculate y(55).
-2
Let x(t) = -14*t + 132. What is x(9)?
6
Let m(u) = u**2 + u - 225. Calculate m(15).
15
Let p(g) = g**2 + 11*g - 21. Give p(-11).
-21
Let g(d) = -d**2 + 10*d + 17. Determine g(11).
6
Let n(a) = -2*a**3 - 2*a**2 + 2*a - 2. What is n(3)?
-68
Let u(h) = -10*h + 89. Calculate u(9).
-1
Let h(q) = 4*q - 10. What is h(4)?
6
Let b(v) = -2*v**3 - 10*v**2 + 4*v + 12. Give b(-5).
-8
Let y(i) = 32*i + 1. Calculate y(1).
33
Let b(k) = -k - 26. Calculate b(-14).
-12
Let q(v) = -v**2 + 13*v - 33. Give q(12).
-21
Let q(x) = -x**3 + 6*x**2 - 3. Give q(6).
-3
Let o(a) = 2*a + 13. Determine o(-5).
3
Let t(s) = s**2 - s - 1. Determine t(-3).
11
Let k(q) = 10*q + 593. What is k(-59)?
3
Let a(c) = -c**2 + 4*c + 14. Give a(-3).
-7
Let i(s) = -s**2 + 8*s + 9. Give i(-1).
0
Let h(n) = n**3 + 6*n**2 + 9*n + 3. Calculate h(-4).
-1
Let g(k) = k**3 + 18*k**2 - k - 18. Calculate g(-18).
0
Let q(m) = 10*m + 40. What is q(-5)?
-10
Let u(z) = -z**3 - 4*z**2 + 6*z - 6. Determine u(-7).
99
Let n(f) = -4*f + 31. What is n(7)?
3
Let v(h) = -h**2 + 2*h + 1. Give v(4).
-7
Let c(u) = -u**3 - 4*u**2 + 5. Give c(-4).
5
Let c(f) = 2*f**3 + 16*f**2 + 15*f + 3. Give c(-7).
-4
Let l(o) = o**3 - o**2 + 1. Calculate l(-1).
-1
Let z(x) = -x**2 + 7*x + 9. Calculate z(9).
-9
Let b(h) = -h**3 - 5*h**2 + 16*h + 13. Give b(-7).
-1
Let i(t) = t**2 - 27*t + 180. What is i(12)?
0
Let k(y) = y**2 - 10*y - 13. Determine k(11).
-2
Let 